g**2 + 4*g + 1. Let j(x) = 11*s(x) - 2*v(x). Let n be j(-3). Suppose -26 = -n*c - 8. What is the units digit of c?
9
Let t(i) = -i**3 - 5*i**2 + 5*i + 12. Let v be t(-5). Let s = v + 16. What is the units digit of s?
3
Let u(d) = 0*d**3 + 4*d + 4 - 2*d**2 + d**3 - 2*d**3. Let c be u(-4). What is the units digit of c/8 + 2/4?
3
Suppose -2*j + 6 = j. Suppose 0 = 5*b - 3*b + j*v - 54, v = -5*b + 147. What is the tens digit of b?
3
Let p(j) = j - 3. Let u(n) = -n - 1. Let b be u(-5). Let l be p(b). Suppose 0 = -3*a + o + 11, -2*a + 2*o + 3 = l. What is the units digit of a?
5
Let z be (-1)/(3/(-30)) - 2. Let c = z - 2. What is the units digit of 1/(-2) + 45/c?
7
Suppose 8*r + 3*b = 3*r - 80, 4*b = 0. Let m = r + 33. What is the tens digit of m?
1
Suppose 0 = 3*c - 8 - 1. Suppose -c*o + 14 = -1. What is the units digit of o?
5
Let s be 6/(-10) - 46/(-10). Suppose b = s*x + 5 - 85, 3*x = -b - 59. What is the tens digit of (-8)/(-12) + b/(-6)?
1
Let l(p) = 2*p**2 - 16*p + 17. What is the units digit of l(10)?
7
Let p(k) = -k**2 - 8*k - 6. Suppose 0 = j + j + 28. Let q = j - -8. What is the units digit of p(q)?
6
Let p(z) = z**3 + 12*z**2 - 21*z - 16. What is the units digit of p(-12)?
6
Let f = 12 + -13. What is the units digit of (-12)/(-6) - 0/f?
2
Let r be ((-75)/(-10))/(1/(-2)). What is the units digit of (27/r)/(6/(-20))?
6
Suppose -20 - 34 = -3*l. Suppose 5*m + l = 5*d + 203, -4*m - 4*d + 116 = 0. What is the units digit of m?
3
Suppose 0 = -3*x + 4 + 2. Let a be x*(0 - 3)/(-6). What is the units digit of a/4 + 105/12?
9
Suppose 144 = 4*s - 0*s. What is the units digit of s?
6
Let q be (9/27)/((-1)/(-6)). Suppose -14 = -v + q. What is the units digit of v?
6
Let t = 10 - 4. Suppose -j + 8 = 4*k - 6*j, 0 = 3*k + j - t. What is the units digit of k?
2
Suppose 2*j = -0*j + h + 7, 4*h - 12 = -2*j. Suppose -4*a = -3*p, j*a - p = -a + 11. Suppose y + w - 8 = 0, 2*y - 5*w + 12 = a*y. What is the units digit of y?
7
Let d(s) = -110*s**3 + s. What is the units digit of d(-1)?
9
Suppose -7*q + 38 = 10. What is the units digit of q?
4
Let h(p) = -p**3 + 12*p**2 - 12*p + 13. Let u be h(11). Suppose 3*i - 23 - 6 = u*q, 5*i + q = 44. What is the units digit of i?
9
Suppose -m + 4*m - 2*k + 17 = 0, -2*k + 8 = 0. Let t = m - -7. Suppose -p + 2*v + 20 = 0, -2*p - 5*v = -t*p + 40. What is the tens digit of p?
2
What is the tens digit of ((-80)/50)/(4/(-230))?
9
Let g be ((2 - 3) + 2)*-40. What is the units digit of ((-2)/4)/(2/g)?
0
Let m be (-3)/(-1)*-1*-1. What is the units digit of -1 - 42/(0 - m)?
3
Let y = 171 - 99. What is the units digit of y?
2
Suppose 0 = -5*p + q + 251, p - 3*q - 43 = 10. What is the units digit of p?
0
Suppose 0 = -s + 2*s - 16. Suppose -s = o - 2*o. What is the units digit of o?
6
Let z = -20 - -13. What is the units digit of (z - 1)*(-25)/20?
0
Suppose 159 = 5*q - 2*s, -1 = 5*s - 16. What is the tens digit of q?
3
Let r(m) = m**2 - 3*m + 2. Let o be r(3). What is the units digit of (-28)/8*o*-1?
7
What is the tens digit of (-1)/(2/108*(-2 - -1))?
5
Suppose 5*z = g, -2*g - 3*g - 92 = -2*z. Let c = g + 30. What is the tens digit of c?
1
Let t(o) = o**2 + 3*o - 3. Let n be t(-3). What is the units digit of (-3 + 6 - n)*2?
2
Suppose -3*a - 12 = -393. What is the tens digit of a?
2
Let f = -3 - -5. What is the units digit of 2/(2 - f - -2)?
1
Let h = 0 - 4. Let x be h - ((-4)/2 - -2). What is the units digit of (x + 1)/((-6)/20)?
0
Suppose 4*q = 31 + 17. Let x = q - 1. What is the units digit of x?
1
Suppose -142 = -5*o + 43. Let k = o - 19. What is the tens digit of k?
1
Let q = 163 + -82. What is the units digit of q?
1
Let l = 644 - 319. What is the tens digit of l?
2
What is the units digit of (54/(-5))/((-8)/20)?
7
Suppose -4*x + 67 - 747 = -5*z, x - 705 = -5*z. What is the tens digit of z?
4
Let o(z) = -5*z**3 + z**2 + 2*z. Let m be o(2). Let u be m/5 - 6/(-15). What is the units digit of (4/u)/((-2)/21)?
7
Let t(k) = 7*k**2 + 15*k + 9. Let i(u) = -20*u**2 - 44*u - 27. Let q(g) = 6*i(g) + 17*t(g). What is the units digit of q(-6)?
9
What is the units digit of ((-246)/(-3) - 1) + 0?
1
Let x be 24/9*9/6. Suppose x*j - 26 = 2*j. What is the tens digit of j?
1
Let b(h) = -16*h**3 - 1. Let c(m) = m**3 + 3*m**2 - 1. Let n be c(-3). What is the units digit of b(n)?
5
Suppose -13*z + 18*z - 465 = 0. What is the tens digit of z?
9
Suppose 0*h = 10*h - 2870. What is the tens digit of h?
8
Let c(d) = d**2 - 3*d - 16. What is the units digit of c(11)?
2
Suppose 112 = -d + 5*d. Suppose -4*x - d - 16 = -p, 4*p - 5*x = 154. What is the units digit of p?
6
Suppose -2*y - 5*u = y - 569, -3*y + 3*u = -585. What is the hundreds digit of y?
1
Suppose -26 = -3*f + 16. What is the tens digit of f?
1
Let r be 4 - 1 - (1 - 31). What is the tens digit of 20*(r/12 + -2)?
1
Let k = 9 - 9. Suppose -w + 3*j = 4 - 9, k = 5*w - 3*j - 85. What is the tens digit of w?
2
Suppose 0 = -4*d - 16 + 132. What is the tens digit of d?
2
Let j(m) = m**2 + 2*m + 1. Let s be j(-2). What is the units digit of -1 + 8/s + 0?
7
Let c be 11/((-52)/18 + 3). Suppose -2*t + 42 = 3*u - 37, -3*t + 2*u = -c. Let s = t + -20. What is the tens digit of s?
1
Let r be 3/6*16/4. Suppose -r*q = -0*q - 28. What is the tens digit of q?
1
Suppose -4*y + 5 = -3*y. Suppose -13 = -y*o + 12. Suppose o*m - 55 = -5*r, 4*r + 4*m - m = 40. What is the units digit of r?
7
Suppose 3*f = -f + 5*r + 30, 5 = -f - 5*r. Suppose -1 = 4*p - 7*p - f*n, -20 = 5*n. What is the units digit of p?
7
Suppose -41 = -5*r + 2*k, 0*r + 5*k + 17 = 3*r. Let v be 2 + 3/(-3) + r. Suppose 3*q + 5*a - 24 = 0, q - 4*a - 1 + v = 0. What is the units digit of q?
3
Let p be ((-1)/2)/(2/(-24)). Let n = 2 - p. What is the units digit of 9 - n/(2/(-1))?
7
What is the units digit of -2 + (73 - 2 - -4)?
3
Let j(p) be the third derivative of -p**4/4 - 2*p**3/3 + 4*p**2. What is the tens digit of j(-4)?
2
Let a = 3 + -3. Suppose a = -4*f - 5 + 25. Suppose 2*t - 14 = -4*z + 6, -5*z + 25 = -f*t. What is the units digit of z?
5
Let i = 16 + -15. What is the units digit of 510/20 - i/2?
5
Suppose 0 = -7*d + 2*d - 260. Let b = -19 - d. Suppose -2*v = 9 - b. What is the tens digit of v?
1
Let q be (2*(-5)/(-2))/1. Suppose p - 4 = q. Suppose -z = 5*d - 20, -3*z + p = -6. What is the units digit of d?
3
Suppose 22 = 5*z + 4*a, -17 = -3*z - z - 3*a. Suppose -3*v + 2 = -z*v. What is the units digit of v?
2
Let w = -41 + 1. Let j = w + 62. What is the units digit of j?
2
Suppose 3*t = -5*j + 38, 0 = 3*t - t + 3*j - 26. Let l = t + -13. What is the units digit of l?
3
Suppose 0 = 3*y + 3*u + 12 - 66, y - 4*u - 8 = 0. Let r = 28 - y. What is the tens digit of r?
1
Let p = -13 - -62. What is the units digit of p?
9
Let o(m) = m + 4. Let l be o(-8). Let b = 4 - l. What is the units digit of b?
8
Let w be (-4)/(-10) - (-8)/5. Let m = 2 + w. Suppose 0 = -m*d - 34 + 98. What is the units digit of d?
6
Suppose 2*q = j + 22, 2*q - 3*q - 2*j = -16. Suppose -5*y = -3*w - 386, 0*y + 4*y = 2*w + 308. What is the units digit of 2/(-6) + y/q?
6
Let d(f) = -8*f - 21. What is the units digit of d(-16)?
7
Let l = 6 + -6. Let j = 0 - l. Suppose 4*k - 8 = 0, 5*k = -j*b + 3*b - 35. What is the tens digit of b?
1
Let g = 5 + -3. Let x(d) = 2*d**2 + 2*d. What is the units digit of x(g)?
2
Let q be (-92)/28 - 4/(-14). Let w be 5 + (-1 - q)*-1. Suppose -w*n + 8*n - 4*d - 59 = 0, 3*n + 5*d = 28. What is the units digit of n?
1
Suppose 0 = -0*x - 2*x. Suppose x = u - j - 1, -3*j = -4*u + 3 - 2. What is the units digit of (16/(-40))/(u/10)?
2
Let g = -2 + 6. Suppose -32 = -g*v - 8. What is the units digit of v?
6
Suppose 0*c = 2*c. Suppose c = -6*m + 2*m + 48. What is the units digit of m?
2
Suppose 4*l = l + 192. What is the tens digit of l?
6
Let b be ((-9)/6)/(3/(-18)). Let p be 2/(-1)*2/(-4). What is the units digit of 6/b + p/3?
1
Suppose -3*g + 3*n = -219, 2*g - 143 = -0*g - n. Suppose -4*t + g = -t. What is the tens digit of t?
2
Suppose 2*m - 559 = 5*r, 5*r + 259 = 4*m - 884. What is the hundreds digit of m?
2
Let q = -516 - -830. What is the hundreds digit of q?
3
Let z(h) = -4*h + 6. What is the units digit of z(-8)?
8
Let m = -42 - -80. Suppose -3*w + 39 = 3*a, -a - 2*w + m = 2*a. What is the units digit of a?
2
Let d(j) be the first derivative of -j**5/30 + j*